s 24 a factor of 792?
True
Is 84 a factor of 167664?
True
Does 406 divide 766122?
True
Is 207621 a multiple of 1357?
True
Does 109 divide 1095341?
True
Does 10 divide 1426611?
False
Does 33 divide 31109001?
True
Is 502 a multiple of 16?
False
Is 94149 a multiple of 9?
True
Does 16 divide 995092?
False
Is 462731 a multiple of 844?
False
Does 142 divide 190075?
False
Does 20 divide 61280?
True
Is 23055371 a multiple of 53?
True
Does 454 divide 1135701?
False
Is 3423136 a multiple of 16?
True
Does 235 divide 8510290?
True
Is 75817 a multiple of 7?
True
Is 71927 a multiple of 17?
True
Does 3 divide 37102?
False
Does 133 divide 271586?
True
Is 1241306 a multiple of 17?
True
Does 33 divide 4378216?
False
Does 21 divide 1958845?
False
Is 141 a factor of 50554?
False
Is 144288 a multiple of 96?
True
Is 1228148 a multiple of 68?
True
Is 309 a factor of 878216?
False
Does 109 divide 293428?
True
Is 39 a factor of 234000?
True
Does 11 divide 10147857?
False
Is 383022 a multiple of 346?
True
Does 35 divide 4195135?
True
Does 641 divide 1828088?
False
Is 286622 a multiple of 60?
False
Is 276 a factor of 1269158?
False
Is 187 a factor of 478346?
True
Is 1768630 a multiple of 301?
False
Does 68 divide 353915?
False
Is 522 a factor of 3725881?
False
Does 25 divide 366406?
False
Is 18 a factor of 311616?
True
Is 1910762 a multiple of 11?
False
Is 116 a factor of 18235186?
False
Does 32 divide 2801728?
True
Does 43 divide 1305648?
False
Is 6876882 a multiple of 83?
True
Does 41 divide 200039?
True
Is 186503 a multiple of 421?
True
Is 1098 a factor of 4715182?
False
Is 343680 a multiple of 179?
True
Is 5 a factor of 16730?
True
Is 5936140 a multiple of 70?
True
Is 4743179 a multiple of 133?
True
Does 6 divide 264078?
True
Does 332 divide 804753?
False
Is 134605 a multiple of 149?
False
Does 71 divide 31524?
True
Is 55 a factor of 450450?
True
Is 291 a factor of 6079281?
True
Is 1141197 a multiple of 57?
True
Does 273 divide 3288285?
True
Does 72 divide 147600?
True
Is 724 a factor of 1308381?
False
Does 94 divide 1110328?
True
Is 17 a factor of 3349?
True
Is 104616 a multiple of 72?
True
Does 7 divide 2988?
False
Does 399 divide 24551268?
True
Is 236440 a multiple of 20?
True
Is 40239 a multiple of 7?
False
Does 450 divide 112482?
False
Does 68 divide 4012448?
False
Is 107157 a multiple of 64?
False
Does 199 divide 5823011?
False
Is 25420015 a multiple of 2113?
False
Does 27 divide 443375?
False
Is 87 a factor of 253692?
True
Is 116523 a multiple of 321?
True
Is 4287379 a multiple of 515?
False
Is 10236419 a multiple of 25?
False
Is 86505 a multiple of 26?
False
Is 68 a factor of 102816?
True
Does 35 divide 364555?
False
Does 13 divide 182900?
False
Is 129788 a multiple of 142?
True
Is 13350048 a multiple of 16?
True
Does 39 divide 183807?
True
Does 56 divide 1806840?
True
Is 216534 a multiple of 302?
True
Does 11 divide 171358?
True
Does 37 divide 989935?
True
Is 449806 a multiple of 19?
True
Is 5 a factor of 816?
False
Does 405 divide 174555?
True
Is 418880 a multiple of 320?
True
Does 14 divide 2234708?
True
Is 31610 a multiple of 10?
True
Is 1159 a factor of 19793030?
False
Is 1634293 a multiple of 21?
False
Is 20 a factor of 231240?
True
Is 85 a factor of 163149?
False
Does 665 divide 1768684?
False
Is 19 a factor of 165305?
False
Is 353790 a multiple of 6?
True
Is 22721 a multiple of 113?
False
Is 46 a factor of 46752?
False
Is 2052964 a multiple of 11?
False
Is 246676 a multiple of 136?
False
Is 24 a factor of 688214?
False
Does 175 divide 117985?
False
Is 86941 even?
False
Is 20 a factor of 71880?
True
Does 62 divide 317812?
True
Does 67 divide 481361?
False
Is 47295 a multiple of 104?
False
Does 162 divide 75428?
False
Does 25 divide 75102?
False
Is 11 a factor of 19342?
False
Does 200 divide 875200?
True
Is 2 a factor of 1774?
True
Does 8 divide 359317?
False
Is 382 a factor of 766285?
False
Is 50 a factor of 257779?
False
Does 39 divide 1849474?
False
Is 8 a factor of 2681928?
True
Does 166 divide 53745?
False
Is 26 a factor of 1204034?
True
Is 2758323 a multiple of 56?
False
Is 19163490 a multiple of 29?
True
Is 364 a factor of 1628049?
False
Is 59 a factor of 948661?
True
Is 4348129 a multiple of 44?
False
Is 45 a factor of 799605?
True
Is 195 a factor of 373815?
True
Is 11 a factor of 4200867?
True
Does 6 divide 1968?
True
Is 2757144 a multiple of 13?
True
Is 37960 a multiple of 7?
False
Is 50 a factor of 2301563?
False
Is 20 a factor of 2070203?
False
Does 13 divide 3144721?
False
Is 58 a factor of 2693049?
False
Does 164 divide 405889?
False
Is 138 a factor of 484932?
True
Does 18 divide 213710?
False
Does 58 divide 912398?
True
Does 13 divide 15340705?
False
Is 48771 a multiple of 4?
False
Does 4 divide 48907?
False
Is 19 a factor of 122204?
False
Does 143 divide 372229?
True
Is 12 a factor of 3103656?
True
Is 53872 a multiple of 23?
False
Is 48 a factor of 1131754?
False
Does 38 divide 11648?
False
Is 25 a factor of 295024?
False
Is 6 a factor of 98412?
True
Is 985653 a multiple of 828?
False
Is 225916 a multiple of 110?
False
Is 50928 a multiple of 48?
True
Is 314 a factor of 8695799?
False
Is 10658500 a multiple of 11?
False
Is 343762 a multiple of 205?
False
Is 81 a factor of 15108244?
False
Does 746 divide 800458?
True
Is 224 a factor of 232512?
True
Is 26032 a multiple of 16?
True
Is 6 a factor of 147852?
True
Is 517212 a multiple of 6?
True
Is 81300 a multiple of 15?
True
Is 34891 a multiple of 37?
True
Is 9 a factor of 20527860?
False
Is 1599360 a multiple of 408?
True
Is 45 a factor of 14964551?
False
Is 2501550 a multiple of 850?
True
Is 111 a factor of 76309?
False
Is 427184 a multiple of 8?
True
Is 1085 a multiple of 53?
False
Is 148701 a multiple of 7?
True
Does 121 divide 379418?
False
Is 216 a factor of 392312?
False
Is 154 a factor of 1614998?
True
Does 32 divide 637037?
False
Is 3900611 a multiple of 16?
False
Is 1224910 a multiple of 353?
True
Does 556 divide 464524?
False
Is 156820 a multiple of 117?
False
Does 4 divide 23175?
False
Is 12 a factor of 60144?
True
Is 4 a factor of 2757291?
False
Does 57 divide 58942?
False
Does 6 divide 26291?
False
Is 189 a factor of 11798697?
False
Does 41 divide 94787?
False
Does 17 divide 173670?
False
Is 14 a factor of 299474?
True
Is 43 a factor of 1660717?
False
Is 203 a factor of 13280434?
False
Does 24 divide 73035?
False
Does 21 divide 38341?
False
Is 14 a factor of 126803?
False
Is 60864 a multiple of 10?
False
Is 131 a factor of 892372?
True
Is 679901 a multiple of 22?
False
Is 964441 a multiple of 37?
False
Is 66 a factor of 89130?
False
Is 42839 a multiple of 18?
False
Is 163299 a multiple of 20?
False
Is 113705 a multiple of 299?
False
Does 572 divide 750532?
False
Is 14 a factor of 60616?
False
Is 76 a factor of 10875986?
False
Is 6426440 a multiple of 347?
True
Is 901160 a multiple of 169?
False
Is 946065 a multiple of 177?
True
Does 60 divide 1777440?
True
Is 293400 a multiple of 150?
True
Is 87 a factor of 3422928?
True
Does 15 divide 69315?
True
Does 16 divide 266790?
False
Is 707 a factor of 5703369?
True
Does 46 divide 436953?
False
Does 10 divide 22620?
True
Is 822780 a multiple of 210?
True
Does 110 divide 5083354?
False
Does 38 divide 2428124?
True
Is 480 a factor of 635404?
False
Does 143 divide 16461874?
True
Does 68 divide 1384177?
False
Is 15 a factor of 385395?
True
Is 141 a factor of 3051804?
True
Is 3 a factor of 46772?
False
Is 9 a factor of 810641?
False
Is 4162455 a multiple of 11?
True
Is 136 a factor of 1075216?
True
Does 919 divide 6151786?
True
Is 155800 a multiple of 84?
False
Does 14 divide 8154902?
True
Does 34 divide 139910?
True
Does 164 divide 908167?
False
Does 1223 divide 8383665?
True
Is 708204 a multiple of 10?
False
Does 721 divide 10837351?
True
Does 10 divide 4505860?
True
Is 322512 a multiple of 85?
False
Is 285477 a multiple of 129?
True
Does 38 divide 321746?
True
Does 33 divide 1315380?
True
Is 858705 a multiple of 69?
True
Does 32 divide 133184?
True
Does 36 divide 1300104?
True
Does 239 divide 769580?
True
Is 2211792 a multiple of 426?
True
Is 3164018 a multiple of 169?
True
Does 23 divide 155448?
False
Does 484 divide 1032727?
False
Is 310542 a multiple of 6?
True
Does 52 divide 115180?
True
Is 169336 a multiple of 61?
True
Is 33224